factors of (-51)/(-6) + (-2)/t?
2
Suppose -2*l + 3*m = 0, -3*l = 2*l + 3*m. Let z = l - -10. Let w = z + -2. List the prime factors of w.
2
Suppose -2*a = -l - 4*l + 2094, 832 = 2*l + 2*a. What are the prime factors of l?
2, 11, 19
Let g(w) = 4*w + 3. Let q be g(-7). Let j = 41 + q. Suppose 18 = -c - 5*b, 2*b + 2*b = -j. What are the prime factors of c?
2
Suppose -5 = 5*v - q, 0 = 2*v + 3*q - 2*q - 5. Let w = v + 3. Suppose -2*t + t + w = 0. What are the prime factors of t?
3
Let c(t) = -13*t - 2. List the prime factors of c(-3).
37
Suppose 2*j + 0*j - 97 = -5*p, -2*p - 5*j = -22. Suppose -12 = -h + p. List the prime factors of h.
3, 11
Suppose -24 = -17*o + 16*o. List the prime factors of o.
2, 3
Suppose 0 = 5*u - u. Suppose -3*k = -2 - 7. Suppose -k*f + 2*f + 3 = u. What are the prime factors of f?
3
Suppose 3 - 4 = -d, 4*l + 4*d - 4 = 0. Suppose 4*z = 5*g + 40, -8 = g + 2*z - z. What are the prime factors of -10*(g/10 - l)?
2
Let w = -14 + 8. List the prime factors of (-82)/w + (-10)/(-30).
2, 7
Suppose -4*b - 2*c = -480, 5*b - 3*c - 720 = -131. What are the prime factors of b?
7, 17
Suppose 0 = 5*t + 25, -3*m = -5*t + 3*t - 232. What are the prime factors of m?
2, 37
Let x(h) be the third derivative of h**4/8 - 2*h**3 + 2*h**2. List the prime factors of x(11).
3, 7
What are the prime factors of 230 - -1 - (19 - 22)?
2, 3, 13
Suppose 2*u - 8 = -2*u. Suppose u = -2*y, -5*r + 3*y + 9 = 4*y. Suppose -3*l - 6*d + 4 = -r*d, 2*d = 5*l - 50. What are the prime factors of l?
2
What are the prime factors of 3 - (-35 - (-3)/(-1))?
41
Let d(k) be the first derivative of 1 - 5/2*k**2 + 1/4*k**4 + 4*k + 4/3*k**3. What are the prime factors of d(-5)?
2
Let f(c) = 5*c. Let m be f(1). Let g(o) = o**2 + o - 2. List the prime factors of g(m).
2, 7
Let i(a) = a**3 + 13*a**2 + 10*a + 9. What are the prime factors of i(-12)?
3, 11
Let c = 39 + 10. List the prime factors of c.
7
Let a(n) = -13*n - 29. List the prime factors of a(-9).
2, 11
Let n(w) = 2*w**2 + 3. List the prime factors of n(2).
11
Suppose -u - 5 = -2*u - 4*f, 5*u - 25 = -2*f. Suppose v - u = -1. What are the prime factors of v?
2
Let x be 0/(-4 + 1 + 5). Suppose 39 = 3*u - x*u. List the prime factors of u.
13
Suppose 4*g + 5*m = 1, 0 = -5*g - 0*m + 3*m + 29. List the prime factors of (-50)/(-8) - g/16.
2, 3
Let n(i) = -i**3 - 9*i**2 - 10*i - 10. List the prime factors of n(-8).
2, 3
Let d = 53 + -27. List the prime factors of d.
2, 13
Suppose 0 = -3*g + 135 + 3. What are the prime factors of g?
2, 23
Suppose 3*k = -65 + 188. List the prime factors of k.
41
Let c = -148 + 257. What are the prime factors of c?
109
List the prime factors of (-1)/(2*(-1)/62).
31
Let i(v) = v**2 - 2*v + 56. What are the prime factors of i(0)?
2, 7
Let r = 40 - 60. Let z = -11 - r. What are the prime factors of z?
3
Suppose 81 = -r + 4*r. List the prime factors of r.
3
Let t be (-5 - -1)*174/24. Let z = 40 + t. What are the prime factors of z?
11
Let w(p) = -7 + 0 - p + 0. Let f be w(-8). Suppose f = -t + 4. What are the prime factors of t?
3
Let t be (-1 - -3) + -2 - 4. Let l(s) = s**3 + 5*s**2 + 2*s + 4. Let p be l(t). Let u = -7 + p. What are the prime factors of u?
5
Let u = 269 + -150. What are the prime factors of u?
7, 17
Suppose 0*y + y - 1 = 0. Let o = 6 - -2. Let f = y + o. List the prime factors of f.
3
Suppose -5*d + 427 + 8 = 0. What are the prime factors of d?
3, 29
Suppose l + 0*l = 0. Let y = l - 17. List the prime factors of (-2)/(-4) - y/2.
3
Let d(b) = b**3 - 9*b**2 + 10*b - 6. Let v be d(8). Let g(o) = o**2 - 9*o + 4. What are the prime factors of g(v)?
2, 7
Suppose -3*g = -5*h - 60, 2*g - 6*g + 4*h = -88. List the prime factors of g.
5
Let x(g) = -3 - 2*g - 1 - 3*g**2 + 1 + g**2. Let d be x(-3). Let u = -11 - d. What are the prime factors of u?
2
Let i = 78 + -72. List the prime factors of i.
2, 3
Suppose -10 = -5*w, 16 = -2*d + 3*d + w. What are the prime factors of d?
2, 7
Let x(b) = b**3 + 5*b**2 + 4*b + 3. What are the prime factors of x(-3)?
3
Let f = 12 - -18. List the prime factors of f.
2, 3, 5
Suppose 5*c - 3 = 17. Suppose -3*h - z + 16 = 0, 9*h - c*h - 5*z - 60 = 0. What are the prime factors of h?
7
Let z be -8 - ((-2)/1 - -2). Let f = -1 - z. List the prime factors of f.
7
Let r = -105 - -218. List the prime factors of r.
113
Let h = -196 + 533. List the prime factors of h.
337
List the prime factors of 3 - -1 - (-6)/2.
7
Let j(v) = v + 5. Let l be j(-4). List the prime factors of l/3 + 88/24.
2
Let z = 138 + 6. Suppose s = h + 31, z + 11 = 5*s - h. List the prime factors of s.
31
Let f = -18 + 33. Suppose -3*t + f + 90 = 0. List the prime factors of t.
5, 7
Suppose 0 = 9*m - 4*m + 10. What are the prime factors of 15 + 0 + m + 4?
17
Suppose 2*i + 2*i + 12 = 0. Let b be -6 - (-1)/(i/6). What are the prime factors of (39/(-12))/(2/b)?
13
Suppose -5*n = -0*n + 3*w + 29, -4*n = 4*w + 28. What are the prime factors of n/6*(-21 - 0)?
2, 7
Let u(p) = p**3 + 8*p**2 - 9*p + 11. Let a be (6/(-5))/((-6)/45). Let v be 3/6*a*-2. What are the prime factors of u(v)?
11
Suppose -3*x + 21 = -6. Let c = -244 - -174. What are the prime factors of (-6)/x - c/6?
11
Suppose -3*q - 14 = -5*z, 0 = 3*q - 4*z + 10 - 0. Suppose 23 = q*f - 4*c + 1, 5*f + 3*c - 107 = 0. What are the prime factors of f?
19
Let t be 0 - -2 - 3 - -1. Let p(o) = o**2 + 2*o. Let j be p(2). Suppose 3*r - j*r + 60 = t. What are the prime factors of r?
2, 3
Let g(j) = -13*j - 3. Let k be g(-7). Let a = k - 55. What are the prime factors of a?
3, 11
Let r be (-1)/((0 - -3)/(-3)). Suppose -r = -3*f + y + 4*y, 2*y = 2*f + 2. Let z(u) = -2*u + 2. What are the prime factors of z(f)?
2
Suppose 3*x = x + 4. Suppose -97 = 4*b + 5*i, 0*b = -3*b - x*i - 78. What are the prime factors of 4/6 - b/3?
2, 5
Let o(i) = -6*i + 34. What are the prime factors of o(-11)?
2, 5
Let s(h) = 7*h - 4. Let j = 1 - -2. What are the prime factors of s(j)?
17
Let l be ((-1 + -1)*52)/(-1). Suppose -7*s = -3*s - l. List the prime factors of s.
2, 13
Suppose 2*z - z = -1. Let r be (-5)/(z + 2)*-1. Suppose r*q - 26 = 9. List the prime factors of q.
7
Let q be 4/((-3)/6*-4). Suppose 5*u = 2*t + 12, q*t = u + u. What are the prime factors of u?
2
Suppose -3*j + j + 622 = 4*u, -3*j + 921 = 2*u. What are the prime factors of j?
5, 61
Suppose -2*r + 3*w + 0*w + 7 = 0, 5*r + 5*w + 45 = 0. Let z(d) = 2 - 6 + 3 - 2*d. List the prime factors of z(r).
7
Suppose -5*x + 5 = -0. Let n(z) = 30*z**3 - 2*z**2 + 2*z. What are the prime factors of n(x)?
2, 3, 5
Suppose 0*i + 15 = i. Suppose i = r - 1. List the prime factors of r.
2
Suppose 163 = 5*l - 2*c - 99, -5*l - 5*c = -255. List the prime factors of l.
2, 13
Let i be (-28)/(-21)*(-6)/(-4). Let l = i + 13. What are the prime factors of l?
3, 5
Let v = -64 + 84. List the prime factors of v.
2, 5
Suppose 4 + 13 = 5*s + c, -2*s = c - 8. Suppose -s*p = -5*o + 48, 0 = 4*o - 2*o - 2*p - 20. Let m = 17 - o. List the prime factors of m.
2
Let l(f) = f - 12. Let g be l(7). Let n = 7 + g. Suppose n*h + 0*h = 14. List the prime factors of h.
7
Let c = -1 + 4. Suppose 4*s + 10 = c*s. Let x = s + 14. List the prime factors of x.
2
Suppose 0 = 2*n + 2*o - 50 + 10, -2*n - 4*o = -38. Suppose 0 = 3*g - 2*g - n. List the prime factors of g.
3, 7
Let t(i) = 5 - 38*i**2 + 2*i - 2 + 39*i**2. Let x be -3*1*2/3. What are the prime factors of t(x)?
3
Suppose 9*i - 218 = 871. List the prime factors of i.
11
Let v(h) = 2*h**2 - 2*h + 2. Suppose -4*k - 4*p = -2*k, -4 = -3*k - 2*p. What are the prime factors of v(k)?
2, 3
What are the prime factors of (8/(-5))/(1*1/(-80))?
2
Suppose -68 = -2*s - 4*f + 38, 2*f = -5*s + 233. List the prime factors of s.
3, 5
Let r = -13 - -18. Let g = 9 - r. Suppose 0 = -5*p + 4*s + 68, 16 = p + 2*s - g*s. List the prime factors of p.
2, 3
Let d be 1*-3 - 7/(-1). Suppose -2 = d*m - 18. What are the prime factors of m?
2
Let i = 12 - 12. Suppose i = -5*j - 2*m + 111, -8*j + 117 = -3*j - m. List the prime factors of j.
23
Suppose -2*l - 3 = -7. Let r be 1/(l*1/4). Suppose -r*y = -0 - 8. What are the prime factors of y?
2
Suppose 27 = -3*v + 141. Suppose -v - 31 = -3*h. List the prime factors of h.
23
Let n be 1 + 1 + 9/3. Let b = 26 - n. List the prime factors of b.
3, 7
Suppose d - 195 = -2*d. What are the prime factors of d?
